{"id":2625,"date":"2023-10-11T14:32:06","date_gmt":"2023-10-11T14:32:06","guid":{"rendered":"https:\/\/web-app.servisenergo.cz\/?page_id=2625"},"modified":"2024-12-03T16:46:59","modified_gmt":"2024-12-03T16:46:59","slug":"sidlo","status":"publish","type":"page","link":"https:\/\/web-app.servisenergo.cz\/?page_id=2625","title":{"rendered":"Z\u00e1kladn\u00ed \u00fadaje"},"content":{"rendered":"<p>Obchodn\u00ed n\u00e1zev:\u00a0 1.SERVIS-ENERGO, s.r.o.<\/p>\n<p>Adresa: Tylova 57a, 301 00 Plze\u0148<\/p>\n<p>I\u010cO: 497 86 393<\/p>\n<p>Registra\u010dn\u00ed \u00fadaje: OR, veden\u00fd Krajsk\u00fdm soudem v Plzni odd\u00edl C, vlo\u017eka 4485<\/p>\n<p>&nbsp;<\/p>\n<p>Historie<\/p>\n<p><strong>1994 &#8211; <\/strong>zalo\u017een\u00ed firmy 5.1.1994, are\u00e1l ve H\u0159bitovn\u00ed ul. 37, Plze\u0148 312 83<\/p>\n<p><strong>1998<\/strong> &#8211; prvn\u00ed zahrani\u010dn\u00ed zak\u00e1zka Indie Panipat &#8211; gener\u00e1ln\u00ed oprava TG2 110MW<\/p>\n<p>&#8211; roz\u0161\u00ed\u0159en\u00ed person\u00e1ln\u00edho obsazen\u00ed a technologick\u00e9ho vybaven\u00ed<\/p>\n<p><strong>2002<\/strong> &#8211; z\u00edsk\u00e1n\u00ed ISO certifikace 9001 (syst\u00e9m jakosti)<\/p>\n<p><strong>2004<\/strong> &#8211; \u00a0roz\u0161\u00ed\u0159en\u00ed person\u00e1ln\u00edho obsazen\u00ed a technologick\u00e9ho vybaven\u00ed<\/p>\n<p><strong>2007<\/strong> &#8211; z\u00edsk\u00e1n\u00ed ISO certifikace 14001 a OHSAS 18001<\/p>\n<p>&#8211; zm\u011bna vnit\u0159n\u00ed organiza\u010dn\u00ed struktury<\/p>\n<p><strong>2008 &#8211; <\/strong>zm\u011bna s\u00eddla spole\u010dnosti, st\u011bhov\u00e1n\u00ed do are\u00e1l \u0160kodov\u00fdch z\u00e1vod\u016f &#8211; Tylova 57a, budova \u010d.13, Plze\u0148 301 00<\/p>\n<p><strong>2011<\/strong> &#8211; za\u0159azen\u00ed do seznamu kvalifikovan\u00fdch dodavatel\u016f <strong>\u010cEZ a.s.<\/strong> se zp\u016fsobilost\u00ed k v\u00fdrob\u011b a servisu gener\u00e1tor\u016f motor\u016f, v\u010detn\u011b p\u0159\u00edslu\u0161n\u00fdch sou\u010d\u00e1st\u00ed a ND<\/p>\n<p><strong>2014<\/strong> &#8211; st\u00e1v\u00e1me se \u010dlenem Asociace zku\u0161eben vysok\u00e9ho nap\u011bt\u00ed &#8211; jako zku\u0161ebna E-37<\/p>\n<p><strong>2016 &#8211;<\/strong> zdokonalen\u00ed syst\u00e9mu &#8222;\u0158\u00edzen\u00ed dokumentace&#8220;<\/p>\n<p><strong>2019 &#8211;<\/strong> v\u00fdstavba nov\u00e9ho parkovac\u00edho prostoru<\/p>\n<p><strong>2022 &#8211;<\/strong> uzav\u0159en\u00ed nejv\u011bt\u0161\u00ed zak\u00e1zky v historii spole\u010dnosti<\/p>\n","protected":false},"excerpt":{"rendered":"<p>Obchodn\u00ed n\u00e1zev:\u00a0 1.SERVIS-ENERGO, s.r.o. Adresa: Tylova 57a, 301 00 Plze\u0148 I\u010cO: 497 86 393 Registra\u010dn\u00ed \u00fadaje: OR, veden\u00fd Krajsk\u00fdm soudem<\/p>\n","protected":false},"author":2,"featured_media":0,"parent":0,"menu_order":0,"comment_status":"closed","ping_status":"closed","template":"full-width.php","meta":{"_acf_changed":false,"footnotes":""},"class_list":["post-2625","page","type-page","status-publish","hentry"],"acf":[],"_links":{"self":[{"href":"https:\/\/web-app.servisenergo.cz\/index.php?rest_route=\/wp\/v2\/pages\/2625","targetHints":{"allow":["GET"]}}],"collection":[{"href":"https:\/\/web-app.servisenergo.cz\/index.php?rest_route=\/wp\/v2\/pages"}],"about":[{"href":"https:\/\/web-app.servisenergo.cz\/index.php?rest_route=\/wp\/v2\/types\/page"}],"author":[{"embeddable":true,"href":"https:\/\/web-app.servisenergo.cz\/index.php?rest_route=\/wp\/v2\/users\/2"}],"replies":[{"embeddable":true,"href":"https:\/\/web-app.servisenergo.cz\/index.php?rest_route=%2Fwp%2Fv2%2Fcomments&post=2625"}],"version-history":[{"count":12,"href":"https:\/\/web-app.servisenergo.cz\/index.php?rest_route=\/wp\/v2\/pages\/2625\/revisions"}],"predecessor-version":[{"id":2826,"href":"https:\/\/web-app.servisenergo.cz\/index.php?rest_route=\/wp\/v2\/pages\/2625\/revisions\/2826"}],"wp:attachment":[{"href":"https:\/\/web-app.servisenergo.cz\/index.php?rest_route=%2Fwp%2Fv2%2Fmedia&parent=2625"}],"curies":[{"name":"wp","href":"https:\/\/api.w.org\/{rel}","templated":true}]}}